{"id":781,"date":"2025-11-04T11:23:55","date_gmt":"2025-11-04T11:23:55","guid":{"rendered":"https:\/\/projetos.ese.ips.pt\/acriarcomscratch\/?page_id=781"},"modified":"2025-11-04T11:23:55","modified_gmt":"2025-11-04T11:23:55","slug":"referencias-bibliograficas","status":"publish","type":"page","link":"https:\/\/projetos.ese.ips.pt\/acriarcomscratch\/?page_id=781","title":{"rendered":"Refer\u00eancias Bibliogr\u00e1ficas"},"content":{"rendered":"\n<p>UNESCO. (2017). Guia para a Educa\u00e7\u00e3o Intercultural. Paris: Organiza\u00e7\u00e3o das Na\u00e7\u00f5es Unidas para a Educa\u00e7\u00e3o, a Ci\u00eancia e a Cultura. Dispon\u00edvel em:<a href=\"https:\/\/unesdoc.unesco.org\/\">https:\/\/unesdoc.unesco.org\/<\/a><\/p>\n\n\n\n<p>Resnick, M. (2007). All I Really Need to Know (About Creative Thinking) I Learned (By Studying How Children Learn) in Kindergarten. Proceedings of the 6th ACM SIGCHI Conference on Creativity &amp; Cognition. New York: ACM Press.<\/p>\n\n\n\n<p>Minist\u00e9rio da Educa\u00e7\u00e3o. (2017). Estrat\u00e9gia Nacional de Educa\u00e7\u00e3o para a Cidadania. Lisboa: Dire\u00e7\u00e3o-Geral da Educa\u00e7\u00e3o. Dispon\u00edvel em:<a href=\"https:\/\/www.dge.mec.pt\/\">https:\/\/www.dge.mec.pt\/<\/a><\/p>\n","protected":false},"excerpt":{"rendered":"<p>UNESCO. (2017). Guia para a Educa\u00e7\u00e3o Intercultural. Paris: Organiza\u00e7\u00e3o das Na\u00e7\u00f5es Unidas para a Educa\u00e7\u00e3o, a Ci\u00eancia e a Cultura. Dispon\u00edvel em:https:\/\/unesdoc.unesco.org\/ Resnick, M. (2007). All I Really Need to Know (About Creative Thinking) I Learned (By Studying How Children Learn) in Kindergarten. Proceedings of the 6th ACM SIGCHI Conference on Creativity &amp; Cognition. New<a href=\"https:\/\/projetos.ese.ips.pt\/acriarcomscratch\/?page_id=781\">[&#8230;]<\/a><\/p>\n","protected":false},"author":3,"featured_media":0,"parent":0,"menu_order":0,"comment_status":"closed","ping_status":"closed","template":"","meta":[],"_links":{"self":[{"href":"https:\/\/projetos.ese.ips.pt\/acriarcomscratch\/index.php?rest_route=\/wp\/v2\/pages\/781"}],"collection":[{"href":"https:\/\/projetos.ese.ips.pt\/acriarcomscratch\/index.php?rest_route=\/wp\/v2\/pages"}],"about":[{"href":"https:\/\/projetos.ese.ips.pt\/acriarcomscratch\/index.php?rest_route=\/wp\/v2\/types\/page"}],"author":[{"embeddable":true,"href":"https:\/\/projetos.ese.ips.pt\/acriarcomscratch\/index.php?rest_route=\/wp\/v2\/users\/3"}],"replies":[{"embeddable":true,"href":"https:\/\/projetos.ese.ips.pt\/acriarcomscratch\/index.php?rest_route=%2Fwp%2Fv2%2Fcomments&post=781"}],"version-history":[{"count":1,"href":"https:\/\/projetos.ese.ips.pt\/acriarcomscratch\/index.php?rest_route=\/wp\/v2\/pages\/781\/revisions"}],"predecessor-version":[{"id":783,"href":"https:\/\/projetos.ese.ips.pt\/acriarcomscratch\/index.php?rest_route=\/wp\/v2\/pages\/781\/revisions\/783"}],"wp:attachment":[{"href":"https:\/\/projetos.ese.ips.pt\/acriarcomscratch\/index.php?rest_route=%2Fwp%2Fv2%2Fmedia&parent=781"}],"curies":[{"name":"wp","href":"https:\/\/api.w.org\/{rel}","templated":true}]}}