{"id":1461,"date":"2024-07-16T09:27:53","date_gmt":"2024-07-16T09:27:53","guid":{"rendered":"https:\/\/projetos.ese.ips.pt\/cctic\/?page_id=1461"},"modified":"2024-07-16T09:28:55","modified_gmt":"2024-07-16T09:28:55","slug":"2022-2023","status":"publish","type":"page","link":"https:\/\/projetos.ese.ips.pt\/cctic\/index.php\/projetos\/matatalab\/2022-2023\/","title":{"rendered":"2022\/2023"},"content":{"rendered":"\n<p>No \u00e2mbito de uma parceria com a empresa <a rel=\"noreferrer noopener\" href=\"https:\/\/en.matatalab.com\/\" target=\"_blank\">MATATALAB<\/a>, promovemos, durante o ano letivo 2022\/23, um projeto de Rob\u00f3tica Educativa, onde os alunos do pr\u00e9-escolar e do 1.\u00ba ciclo realizaram algumas atividades, com recurso a rob\u00f4s, desenvolvendo compet\u00eancias relacionadas com as Orienta\u00e7\u00f5es Curriculares para a Educa\u00e7\u00e3o Pr\u00e9-Escolar, com as Aprendizagens Essenciais das diferentes \u00e1reas curriculares e de acordo com o Perfil dos Alunos \u00e0 Sa\u00edda da Escolaridade Obrigat\u00f3ria.<\/p>\n\n\n\n<p>Este projeto teve os seguintes <strong>objetivos<\/strong>:<\/p>\n\n\n\n<ul><li>Explora\u00e7\u00e3o educativa da rob\u00f3tica, nas diferentes \u00e1reas de conte\u00fado\/\u00e1reas curriculares;<\/li><li>Desenvolvimento do esp\u00edrito cr\u00edtico;<\/li><li>Desenvolvimento de compet\u00eancias de trabalho colaborativo;<\/li><li>Est\u00edmulo da criatividade e o trabalho entre disciplinas;<\/li><li>Desenvolvimento de trabalho de projeto;<\/li><li>Sele\u00e7\u00e3o de dados e resolu\u00e7\u00e3o de problemas.<\/li><\/ul>\n\n\n\n<p><strong>Agrupamentos\/Escolas envolvidas:<\/strong><\/p>\n\n\n\n<ul><li>Agrupamento de Escolas do Barreiro;<\/li><li>Agrupamento de Escolas de Palmela;<\/li><li>Agrupamento de Escolas Maria do Carmo Serrote;<\/li><li>Agrupamento de Escolas de Sampaio;<\/li><li>Agrupamento de Escolas da Boa \u00c1gua;<\/li><li>Agrupamento de Escolas de Azeit\u00e3o;<\/li><li>Agrupamento de Escolas Barbosa do Bocage;<\/li><li>Agrupamento de Escolas de Pinhal de Frades;<\/li><li>Agrupamento de Escolas Lu\u00edsa Todi;<\/li><li>Agrupamento de Escolas Sebasti\u00e3o da Gama;<\/li><li>Col\u00e9gio Atl\u00e2ntico.<\/li><\/ul>\n\n\n\n<p>Foram realizadas, durante o m\u00eas de janeiro de 2023, 3 ACD que envolveram 81 docentes. Depois de terem realizado algumas atividades com os alunos, os docentes foram convidados a participar na Competi\u00e7\u00e3o Internacional de Rob\u00f3tica (MWRC Portugal), promovida pela MATATALAB.<\/p>\n\n\n\n<p>Participaram na referida Competi\u00e7\u00e3o 31 docentes (12 turmas de 1.\u00ba Ciclo do Ensino B\u00e1sico e 9 grupos de Pr\u00e9-Escolar), dos diferentes Agrupamentos, que apresentaram 21 projetos a concurso.<\/p>\n\n\n\n<figure class=\"wp-block-gallery columns-3 is-cropped\"><ul class=\"blocks-gallery-grid\"><li class=\"blocks-gallery-item\"><figure><img loading=\"lazy\" width=\"768\" height=\"1024\" src=\"https:\/\/projetos.ese.ips.pt\/cctic\/wp-content\/uploads\/2023\/09\/1-768x1024.jpg\" alt=\"\" data-id=\"603\" data-link=\"https:\/\/projetos.ese.ips.pt\/cctic\/index.php\/projetos\/matatalab\/attachment\/1\/\" class=\"wp-image-603\" srcset=\"https:\/\/projetos.ese.ips.pt\/cctic\/wp-content\/uploads\/2023\/09\/1-768x1024.jpg 768w, https:\/\/projetos.ese.ips.pt\/cctic\/wp-content\/uploads\/2023\/09\/1-225x300.jpg 225w, https:\/\/projetos.ese.ips.pt\/cctic\/wp-content\/uploads\/2023\/09\/1-1152x1536.jpg 1152w, https:\/\/projetos.ese.ips.pt\/cctic\/wp-content\/uploads\/2023\/09\/1-676x901.jpg 676w, https:\/\/projetos.ese.ips.pt\/cctic\/wp-content\/uploads\/2023\/09\/1.jpg 1536w\" sizes=\"(max-width: 768px) 100vw, 768px\" \/><\/figure><\/li><li class=\"blocks-gallery-item\"><figure><img loading=\"lazy\" width=\"768\" height=\"1024\" src=\"https:\/\/projetos.ese.ips.pt\/cctic\/wp-content\/uploads\/2023\/09\/2-768x1024.jpg\" alt=\"\" data-id=\"604\" data-link=\"https:\/\/projetos.ese.ips.pt\/cctic\/index.php\/projetos\/matatalab\/attachment\/2\/\" class=\"wp-image-604\" srcset=\"https:\/\/projetos.ese.ips.pt\/cctic\/wp-content\/uploads\/2023\/09\/2-768x1024.jpg 768w, https:\/\/projetos.ese.ips.pt\/cctic\/wp-content\/uploads\/2023\/09\/2-225x300.jpg 225w, https:\/\/projetos.ese.ips.pt\/cctic\/wp-content\/uploads\/2023\/09\/2-1152x1536.jpg 1152w, https:\/\/projetos.ese.ips.pt\/cctic\/wp-content\/uploads\/2023\/09\/2-676x901.jpg 676w, https:\/\/projetos.ese.ips.pt\/cctic\/wp-content\/uploads\/2023\/09\/2.jpg 1536w\" sizes=\"(max-width: 768px) 100vw, 768px\" \/><\/figure><\/li><li class=\"blocks-gallery-item\"><figure><img loading=\"lazy\" width=\"768\" height=\"1024\" src=\"https:\/\/projetos.ese.ips.pt\/cctic\/wp-content\/uploads\/2023\/09\/3-768x1024.jpg\" alt=\"\" data-id=\"605\" data-link=\"https:\/\/projetos.ese.ips.pt\/cctic\/index.php\/projetos\/matatalab\/attachment\/3\/\" class=\"wp-image-605\" srcset=\"https:\/\/projetos.ese.ips.pt\/cctic\/wp-content\/uploads\/2023\/09\/3-768x1024.jpg 768w, https:\/\/projetos.ese.ips.pt\/cctic\/wp-content\/uploads\/2023\/09\/3-225x300.jpg 225w, https:\/\/projetos.ese.ips.pt\/cctic\/wp-content\/uploads\/2023\/09\/3-1152x1536.jpg 1152w, https:\/\/projetos.ese.ips.pt\/cctic\/wp-content\/uploads\/2023\/09\/3-676x901.jpg 676w, https:\/\/projetos.ese.ips.pt\/cctic\/wp-content\/uploads\/2023\/09\/3.jpg 1536w\" sizes=\"(max-width: 768px) 100vw, 768px\" \/><\/figure><\/li><li class=\"blocks-gallery-item\"><figure><img loading=\"lazy\" width=\"1024\" height=\"1024\" src=\"https:\/\/projetos.ese.ips.pt\/cctic\/wp-content\/uploads\/2023\/09\/MWRC-Portugal-winner-list-Kindergarten-1024x1024.jpg\" alt=\"\" data-id=\"608\" data-full-url=\"https:\/\/projetos.ese.ips.pt\/cctic\/wp-content\/uploads\/2023\/09\/MWRC-Portugal-winner-list-Kindergarten.jpg\" data-link=\"https:\/\/projetos.ese.ips.pt\/cctic\/index.php\/projetos\/matatalab\/mwrc-portugal-winner-list-kindergarten\/\" class=\"wp-image-608\" srcset=\"https:\/\/projetos.ese.ips.pt\/cctic\/wp-content\/uploads\/2023\/09\/MWRC-Portugal-winner-list-Kindergarten-1024x1024.jpg 1024w, https:\/\/projetos.ese.ips.pt\/cctic\/wp-content\/uploads\/2023\/09\/MWRC-Portugal-winner-list-Kindergarten-300x300.jpg 300w, https:\/\/projetos.ese.ips.pt\/cctic\/wp-content\/uploads\/2023\/09\/MWRC-Portugal-winner-list-Kindergarten-150x150.jpg 150w, https:\/\/projetos.ese.ips.pt\/cctic\/wp-content\/uploads\/2023\/09\/MWRC-Portugal-winner-list-Kindergarten-768x768.jpg 768w, https:\/\/projetos.ese.ips.pt\/cctic\/wp-content\/uploads\/2023\/09\/MWRC-Portugal-winner-list-Kindergarten-676x676.jpg 676w, https:\/\/projetos.ese.ips.pt\/cctic\/wp-content\/uploads\/2023\/09\/MWRC-Portugal-winner-list-Kindergarten.jpg 1080w\" sizes=\"(max-width: 1024px) 100vw, 1024px\" \/><\/figure><\/li><li class=\"blocks-gallery-item\"><figure><img loading=\"lazy\" width=\"1024\" height=\"1024\" src=\"https:\/\/projetos.ese.ips.pt\/cctic\/wp-content\/uploads\/2023\/09\/MWRC-Portugal-winner-list-primary-school-1024x1024.jpg\" alt=\"\" data-id=\"607\" data-full-url=\"https:\/\/projetos.ese.ips.pt\/cctic\/wp-content\/uploads\/2023\/09\/MWRC-Portugal-winner-list-primary-school.jpg\" data-link=\"https:\/\/projetos.ese.ips.pt\/cctic\/index.php\/projetos\/matatalab\/mwrc-portugal-winner-list-primary-school\/\" class=\"wp-image-607\" srcset=\"https:\/\/projetos.ese.ips.pt\/cctic\/wp-content\/uploads\/2023\/09\/MWRC-Portugal-winner-list-primary-school-1024x1024.jpg 1024w, https:\/\/projetos.ese.ips.pt\/cctic\/wp-content\/uploads\/2023\/09\/MWRC-Portugal-winner-list-primary-school-300x300.jpg 300w, https:\/\/projetos.ese.ips.pt\/cctic\/wp-content\/uploads\/2023\/09\/MWRC-Portugal-winner-list-primary-school-150x150.jpg 150w, https:\/\/projetos.ese.ips.pt\/cctic\/wp-content\/uploads\/2023\/09\/MWRC-Portugal-winner-list-primary-school-768x768.jpg 768w, https:\/\/projetos.ese.ips.pt\/cctic\/wp-content\/uploads\/2023\/09\/MWRC-Portugal-winner-list-primary-school-676x676.jpg 676w, https:\/\/projetos.ese.ips.pt\/cctic\/wp-content\/uploads\/2023\/09\/MWRC-Portugal-winner-list-primary-school.jpg 1080w\" sizes=\"(max-width: 1024px) 100vw, 1024px\" \/><\/figure><\/li><\/ul><\/figure>\n","protected":false},"excerpt":{"rendered":"<p>No \u00e2mbito de uma parceria com a empresa MATATALAB, promovemos, durante o ano letivo 2022\/23, um projeto de Rob\u00f3tica Educativa, onde os alunos do pr\u00e9-escolar e do 1.\u00ba ciclo realizaram algumas atividades, com recurso a rob\u00f4s, desenvolvendo compet\u00eancias relacionadas com as Orienta\u00e7\u00f5es Curriculares para a Educa\u00e7\u00e3o Pr\u00e9-Escolar, com as Aprendizagens Essenciais das diferentes \u00e1reas curriculares [&hellip;]<\/p>\n","protected":false},"author":2,"featured_media":0,"parent":595,"menu_order":0,"comment_status":"closed","ping_status":"closed","template":"","meta":[],"_links":{"self":[{"href":"https:\/\/projetos.ese.ips.pt\/cctic\/index.php\/wp-json\/wp\/v2\/pages\/1461"}],"collection":[{"href":"https:\/\/projetos.ese.ips.pt\/cctic\/index.php\/wp-json\/wp\/v2\/pages"}],"about":[{"href":"https:\/\/projetos.ese.ips.pt\/cctic\/index.php\/wp-json\/wp\/v2\/types\/page"}],"author":[{"embeddable":true,"href":"https:\/\/projetos.ese.ips.pt\/cctic\/index.php\/wp-json\/wp\/v2\/users\/2"}],"replies":[{"embeddable":true,"href":"https:\/\/projetos.ese.ips.pt\/cctic\/index.php\/wp-json\/wp\/v2\/comments?post=1461"}],"version-history":[{"count":2,"href":"https:\/\/projetos.ese.ips.pt\/cctic\/index.php\/wp-json\/wp\/v2\/pages\/1461\/revisions"}],"predecessor-version":[{"id":1463,"href":"https:\/\/projetos.ese.ips.pt\/cctic\/index.php\/wp-json\/wp\/v2\/pages\/1461\/revisions\/1463"}],"up":[{"embeddable":true,"href":"https:\/\/projetos.ese.ips.pt\/cctic\/index.php\/wp-json\/wp\/v2\/pages\/595"}],"wp:attachment":[{"href":"https:\/\/projetos.ese.ips.pt\/cctic\/index.php\/wp-json\/wp\/v2\/media?parent=1461"}],"curies":[{"name":"wp","href":"https:\/\/api.w.org\/{rel}","templated":true}]}}

<p>No âmbito de uma parceria com a empresa <a rel="noreferrer noopener" href="https://en.matatalab.com/" target="_blank">MATATALAB</a>, promovemos, durante o ano letivo 2022/23, um projeto de Robótica Educativa, onde os alunos do pré-escolar e do 1.º ciclo realizaram algumas atividades, com recurso a robôs, desenvolvendo competências relacionadas com as Orientações Curriculares para a Educação Pré-Escolar, com as Aprendizagens Essenciais das diferentes áreas curriculares e de acordo com o Perfil dos Alunos à Saída da Escolaridade Obrigatória.</p>



<p>Este projeto teve os seguintes <strong>objetivos</strong>:</p>



<ul><li>Exploração educativa da robótica, nas diferentes áreas de conteúdo/áreas curriculares;</li><li>Desenvolvimento do espírito crítico;</li><li>Desenvolvimento de competências de trabalho colaborativo;</li><li>Estímulo da criatividade e o trabalho entre disciplinas;</li><li>Desenvolvimento de trabalho de projeto;</li><li>Seleção de dados e resolução de problemas.</li></ul>



<p><strong>Agrupamentos/Escolas envolvidas:</strong></p>



<ul><li>Agrupamento de Escolas do Barreiro;</li><li>Agrupamento de Escolas de Palmela;</li><li>Agrupamento de Escolas Maria do Carmo Serrote;</li><li>Agrupamento de Escolas de Sampaio;</li><li>Agrupamento de Escolas da Boa Água;</li><li>Agrupamento de Escolas de Azeitão;</li><li>Agrupamento de Escolas Barbosa do Bocage;</li><li>Agrupamento de Escolas de Pinhal de Frades;</li><li>Agrupamento de Escolas Luísa Todi;</li><li>Agrupamento de Escolas Sebastião da Gama;</li><li>Colégio Atlântico.</li></ul>



<p>Foram realizadas, durante o mês de janeiro de 2023, 3 ACD que envolveram 81 docentes. Depois de terem realizado algumas atividades com os alunos, os docentes foram convidados a participar na Competição Internacional de Robótica (MWRC Portugal), promovida pela MATATALAB.</p>



<p>Participaram na referida Competição 31 docentes (12 turmas de 1.º Ciclo do Ensino Básico e 9 grupos de Pré-Escolar), dos diferentes Agrupamentos, que apresentaram 21 projetos a concurso.</p>



<figure class="wp-block-gallery columns-3 is-cropped"><ul class="blocks-gallery-grid"><li class="blocks-gallery-item"><figure><img loading="lazy" width="768" height="1024" src="https://projetos.ese.ips.pt/cctic/wp-content/uploads/2023/09/1-768x1024.jpg" alt="" data-id="603" data-link="https://projetos.ese.ips.pt/cctic/index.php/projetos/matatalab/attachment/1/" class="wp-image-603" srcset="https://projetos.ese.ips.pt/cctic/wp-content/uploads/2023/09/1-768x1024.jpg 768w, https://projetos.ese.ips.pt/cctic/wp-content/uploads/2023/09/1-225x300.jpg 225w, https://projetos.ese.ips.pt/cctic/wp-content/uploads/2023/09/1-1152x1536.jpg 1152w, https://projetos.ese.ips.pt/cctic/wp-content/uploads/2023/09/1-676x901.jpg 676w, https://projetos.ese.ips.pt/cctic/wp-content/uploads/2023/09/1.jpg 1536w" sizes="(max-width: 768px) 100vw, 768px" /></figure></li><li class="blocks-gallery-item"><figure><img loading="lazy" width="768" height="1024" src="https://projetos.ese.ips.pt/cctic/wp-content/uploads/2023/09/2-768x1024.jpg" alt="" data-id="604" data-link="https://projetos.ese.ips.pt/cctic/index.php/projetos/matatalab/attachment/2/" class="wp-image-604" srcset="https://projetos.ese.ips.pt/cctic/wp-content/uploads/2023/09/2-768x1024.jpg 768w, https://projetos.ese.ips.pt/cctic/wp-content/uploads/2023/09/2-225x300.jpg 225w, https://projetos.ese.ips.pt/cctic/wp-content/uploads/2023/09/2-1152x1536.jpg 1152w, https://projetos.ese.ips.pt/cctic/wp-content/uploads/2023/09/2-676x901.jpg 676w, https://projetos.ese.ips.pt/cctic/wp-content/uploads/2023/09/2.jpg 1536w" sizes="(max-width: 768px) 100vw, 768px" /></figure></li><li class="blocks-gallery-item"><figure><img loading="lazy" width="768" height="1024" src="https://projetos.ese.ips.pt/cctic/wp-content/uploads/2023/09/3-768x1024.jpg" alt="" data-id="605" data-link="https://projetos.ese.ips.pt/cctic/index.php/projetos/matatalab/attachment/3/" class="wp-image-605" srcset="https://projetos.ese.ips.pt/cctic/wp-content/uploads/2023/09/3-768x1024.jpg 768w, https://projetos.ese.ips.pt/cctic/wp-content/uploads/2023/09/3-225x300.jpg 225w, https://projetos.ese.ips.pt/cctic/wp-content/uploads/2023/09/3-1152x1536.jpg 1152w, https://projetos.ese.ips.pt/cctic/wp-content/uploads/2023/09/3-676x901.jpg 676w, https://projetos.ese.ips.pt/cctic/wp-content/uploads/2023/09/3.jpg 1536w" sizes="(max-width: 768px) 100vw, 768px" /></figure></li><li class="blocks-gallery-item"><figure><img loading="lazy" width="1024" height="1024" src="https://projetos.ese.ips.pt/cctic/wp-content/uploads/2023/09/MWRC-Portugal-winner-list-Kindergarten-1024x1024.jpg" alt="" data-id="608" data-full-url="https://projetos.ese.ips.pt/cctic/wp-content/uploads/2023/09/MWRC-Portugal-winner-list-Kindergarten.jpg" data-link="https://projetos.ese.ips.pt/cctic/index.php/projetos/matatalab/mwrc-portugal-winner-list-kindergarten/" class="wp-image-608" srcset="https://projetos.ese.ips.pt/cctic/wp-content/uploads/2023/09/MWRC-Portugal-winner-list-Kindergarten-1024x1024.jpg 1024w, https://projetos.ese.ips.pt/cctic/wp-content/uploads/2023/09/MWRC-Portugal-winner-list-Kindergarten-300x300.jpg 300w, https://projetos.ese.ips.pt/cctic/wp-content/uploads/2023/09/MWRC-Portugal-winner-list-Kindergarten-150x150.jpg 150w, https://projetos.ese.ips.pt/cctic/wp-content/uploads/2023/09/MWRC-Portugal-winner-list-Kindergarten-768x768.jpg 768w, https://projetos.ese.ips.pt/cctic/wp-content/uploads/2023/09/MWRC-Portugal-winner-list-Kindergarten-676x676.jpg 676w, https://projetos.ese.ips.pt/cctic/wp-content/uploads/2023/09/MWRC-Portugal-winner-list-Kindergarten.jpg 1080w" sizes="(max-width: 1024px) 100vw, 1024px" /></figure></li><li class="blocks-gallery-item"><figure><img loading="lazy" width="1024" height="1024" src="https://projetos.ese.ips.pt/cctic/wp-content/uploads/2023/09/MWRC-Portugal-winner-list-primary-school-1024x1024.jpg" alt="" data-id="607" data-full-url="https://projetos.ese.ips.pt/cctic/wp-content/uploads/2023/09/MWRC-Portugal-winner-list-primary-school.jpg" data-link="https://projetos.ese.ips.pt/cctic/index.php/projetos/matatalab/mwrc-portugal-winner-list-primary-school/" class="wp-image-607" srcset="https://projetos.ese.ips.pt/cctic/wp-content/uploads/2023/09/MWRC-Portugal-winner-list-primary-school-1024x1024.jpg 1024w, https://projetos.ese.ips.pt/cctic/wp-content/uploads/2023/09/MWRC-Portugal-winner-list-primary-school-300x300.jpg 300w, https://projetos.ese.ips.pt/cctic/wp-content/uploads/2023/09/MWRC-Portugal-winner-list-primary-school-150x150.jpg 150w, https://projetos.ese.ips.pt/cctic/wp-content/uploads/2023/09/MWRC-Portugal-winner-list-primary-school-768x768.jpg 768w, https://projetos.ese.ips.pt/cctic/wp-content/uploads/2023/09/MWRC-Portugal-winner-list-primary-school-676x676.jpg 676w, https://projetos.ese.ips.pt/cctic/wp-content/uploads/2023/09/MWRC-Portugal-winner-list-primary-school.jpg 1080w" sizes="(max-width: 1024px) 100vw, 1024px" /></figure></li></ul></figure>

<p>No âmbito de uma parceria com a empresa MATATALAB, promovemos, durante o ano letivo 2022/23, um projeto de Robótica Educativa, onde os alunos do pré-escolar e do 1.º ciclo realizaram algumas atividades, com recurso a robôs, desenvolvendo competências relacionadas com as Orientações Curriculares para a Educação Pré-Escolar, com as Aprendizagens Essenciais das diferentes áreas curriculares [&hellip;]</p>
