{"id":1961,"date":"2025-03-06T12:27:45","date_gmt":"2025-03-06T12:27:45","guid":{"rendered":"https:\/\/projetos.ese.ips.pt\/cctic\/?page_id=1961"},"modified":"2025-03-06T12:31:10","modified_gmt":"2025-03-06T12:31:10","slug":"2023-2024","status":"publish","type":"page","link":"https:\/\/projetos.ese.ips.pt\/cctic\/index.php\/eventos-category-eventos\/evento-regional\/2023-2024\/","title":{"rendered":"2023\/2024"},"content":{"rendered":"\n<p>O Evento Regional \u201cTransforma\u00e7\u00e3o de Contextos com o Digital: Desafios e Oportunidades\u201d, dirigido \u00e0s Lideran\u00e7as das Escolas e aos elementos das\u202fEquipas de Desenvolvimento Digital (EDD), pretendeu fomentar a partilha e a constru\u00e7\u00e3o de a\u00e7\u00f5es de car\u00e1ter pr\u00e1tico de desenvolvimento digital das escolas, no quadro do previsto no Plano de Transi\u00e7\u00e3o Digital, promover a partilha de experi\u00eancias e a cria\u00e7\u00e3o de redes de apoio entre escolas e ainda acentuar o papel fundamental das ferramentas digitais na recupera\u00e7\u00e3o das aprendizagens dos alunos.<\/p>\n\n\n\n<p>Mais informa\u00e7\u00f5es sobre o evento <a href=\"https:\/\/eventos.ese.ips.pt\/tdigitalset24\/\" target=\"_blank\" rel=\"noreferrer noopener\">aqui<\/a>.<\/p>\n","protected":false},"excerpt":{"rendered":"<p>O Evento Regional \u201cTransforma\u00e7\u00e3o de Contextos com o Digital: Desafios e Oportunidades\u201d, dirigido \u00e0s Lideran\u00e7as das Escolas e aos elementos das\u202fEquipas de Desenvolvimento Digital (EDD), pretendeu fomentar a partilha e a constru\u00e7\u00e3o de a\u00e7\u00f5es de car\u00e1ter pr\u00e1tico de desenvolvimento digital das escolas, no quadro do previsto no Plano de Transi\u00e7\u00e3o Digital, promover a partilha de [&hellip;]<\/p>\n","protected":false},"author":2,"featured_media":0,"parent":1955,"menu_order":0,"comment_status":"closed","ping_status":"closed","template":"","meta":[],"_links":{"self":[{"href":"https:\/\/projetos.ese.ips.pt\/cctic\/index.php\/wp-json\/wp\/v2\/pages\/1961"}],"collection":[{"href":"https:\/\/projetos.ese.ips.pt\/cctic\/index.php\/wp-json\/wp\/v2\/pages"}],"about":[{"href":"https:\/\/projetos.ese.ips.pt\/cctic\/index.php\/wp-json\/wp\/v2\/types\/page"}],"author":[{"embeddable":true,"href":"https:\/\/projetos.ese.ips.pt\/cctic\/index.php\/wp-json\/wp\/v2\/users\/2"}],"replies":[{"embeddable":true,"href":"https:\/\/projetos.ese.ips.pt\/cctic\/index.php\/wp-json\/wp\/v2\/comments?post=1961"}],"version-history":[{"count":2,"href":"https:\/\/projetos.ese.ips.pt\/cctic\/index.php\/wp-json\/wp\/v2\/pages\/1961\/revisions"}],"predecessor-version":[{"id":1968,"href":"https:\/\/projetos.ese.ips.pt\/cctic\/index.php\/wp-json\/wp\/v2\/pages\/1961\/revisions\/1968"}],"up":[{"embeddable":true,"href":"https:\/\/projetos.ese.ips.pt\/cctic\/index.php\/wp-json\/wp\/v2\/pages\/1955"}],"wp:attachment":[{"href":"https:\/\/projetos.ese.ips.pt\/cctic\/index.php\/wp-json\/wp\/v2\/media?parent=1961"}],"curies":[{"name":"wp","href":"https:\/\/api.w.org\/{rel}","templated":true}]}}