{"id":1963,"date":"2025-03-06T12:28:11","date_gmt":"2025-03-06T12:28:11","guid":{"rendered":"https:\/\/projetos.ese.ips.pt\/cctic\/?page_id=1963"},"modified":"2025-03-06T12:33:11","modified_gmt":"2025-03-06T12:33:11","slug":"2024-2025","status":"publish","type":"page","link":"https:\/\/projetos.ese.ips.pt\/cctic\/index.php\/eventos-category-eventos\/evento-regional\/2024-2025\/","title":{"rendered":"2024\/2025"},"content":{"rendered":"\n<p>O 4.\u00ba Ciclo de Encontros Regionais | Capacita\u00e7\u00e3o Digital das Escolas \u201cPotenciar aprendizagens com o Digital: estrat\u00e9gias, pr\u00e1ticas e monitoriza\u00e7\u00e3o\u201d, dirigido aos Diretores ou outros elementos da Dire\u00e7\u00e3o e a elementos das Equipas de Desenvolvimento Digital (EDD), teve como objetivos:<\/p>\n\n\n\n<ul><li>Garantir a sustentabilidade do plano de transi\u00e7\u00e3o digital;<\/li><li>Estimular a reflex\u00e3o conjunta sobre a monitoriza\u00e7\u00e3o do desenvolvimento digital das escolas, envolvendo as redes DGE-CC TIC-CFAE-ED-EDD e apresentando resultados decorrentes da implementa\u00e7\u00e3o dos PADDE das escolas de cada regi\u00e3o;<\/li><li>Apoiar as escolas na integra\u00e7\u00e3o de pr\u00e1ticas digitais como parte do seu quotidiano pedag\u00f3gico e organizacional, com particular foco:<ul><li>na utiliza\u00e7\u00e3o dos LED em contexto de sala de aula e em atividades de desenvolvimento das aprendizagens pelos alunos;<\/li><li>no desenvolvimento das compet\u00eancias digitais dos alunos e na garantia de equidade aquando da realiza\u00e7\u00e3o de provas \/ exames em ambiente digital.<\/li><\/ul><\/li><li>Fomentar a troca de experi\u00eancias e solu\u00e7\u00f5es entre as lideran\u00e7as escolares e as Equipas de Desenvolvimento Digital (EDD);<\/li><li>Dar visibilidade a pr\u00e1ticas e a solu\u00e7\u00f5es de refer\u00eancia das unidades org\u00e2nicas;<\/li><li>Consolidar as redes regionais de apoio m\u00fatuo, fortalecendo a comunidade digital educativa.<\/li><\/ul>\n\n\n\n<p>Mais informa\u00e7\u00f5es sobre o evento <a href=\"https:\/\/eventos.ese.ips.pt\/tdigitalset25\/\" data-type=\"URL\" data-id=\"https:\/\/eventos.ese.ips.pt\/tdigitalset25\/\" target=\"_blank\" rel=\"noreferrer noopener\">aqui<\/a>.<\/p>\n","protected":false},"excerpt":{"rendered":"<p>O 4.\u00ba Ciclo de Encontros Regionais | Capacita\u00e7\u00e3o Digital das Escolas \u201cPotenciar aprendizagens com o Digital: estrat\u00e9gias, pr\u00e1ticas e monitoriza\u00e7\u00e3o\u201d, dirigido aos Diretores ou outros elementos da Dire\u00e7\u00e3o e a elementos das Equipas de Desenvolvimento Digital (EDD), teve como objetivos: Garantir a sustentabilidade do plano de transi\u00e7\u00e3o digital; Estimular a reflex\u00e3o conjunta sobre a monitoriza\u00e7\u00e3o [&hellip;]<\/p>\n","protected":false},"author":2,"featured_media":0,"parent":1955,"menu_order":1,"comment_status":"closed","ping_status":"closed","template":"","meta":[],"_links":{"self":[{"href":"https:\/\/projetos.ese.ips.pt\/cctic\/index.php\/wp-json\/wp\/v2\/pages\/1963"}],"collection":[{"href":"https:\/\/projetos.ese.ips.pt\/cctic\/index.php\/wp-json\/wp\/v2\/pages"}],"about":[{"href":"https:\/\/projetos.ese.ips.pt\/cctic\/index.php\/wp-json\/wp\/v2\/types\/page"}],"author":[{"embeddable":true,"href":"https:\/\/projetos.ese.ips.pt\/cctic\/index.php\/wp-json\/wp\/v2\/users\/2"}],"replies":[{"embeddable":true,"href":"https:\/\/projetos.ese.ips.pt\/cctic\/index.php\/wp-json\/wp\/v2\/comments?post=1963"}],"version-history":[{"count":2,"href":"https:\/\/projetos.ese.ips.pt\/cctic\/index.php\/wp-json\/wp\/v2\/pages\/1963\/revisions"}],"predecessor-version":[{"id":1970,"href":"https:\/\/projetos.ese.ips.pt\/cctic\/index.php\/wp-json\/wp\/v2\/pages\/1963\/revisions\/1970"}],"up":[{"embeddable":true,"href":"https:\/\/projetos.ese.ips.pt\/cctic\/index.php\/wp-json\/wp\/v2\/pages\/1955"}],"wp:attachment":[{"href":"https:\/\/projetos.ese.ips.pt\/cctic\/index.php\/wp-json\/wp\/v2\/media?parent=1963"}],"curies":[{"name":"wp","href":"https:\/\/api.w.org\/{rel}","templated":true}]}}