{"id":2660,"date":"2026-03-22T09:52:50","date_gmt":"2026-03-22T09:52:50","guid":{"rendered":"https:\/\/projetos.ese.ips.pt\/cctic\/?page_id=2660"},"modified":"2026-03-30T09:55:57","modified_gmt":"2026-03-30T09:55:57","slug":"scratch-day-2026","status":"publish","type":"page","link":"https:\/\/projetos.ese.ips.pt\/cctic\/index.php\/eventos-category-eventos\/scratch-day-2026\/","title":{"rendered":"Scratch Day 2026"},"content":{"rendered":"\n<p><strong>Local: Escola Superior de Educa\u00e7\u00e3o do Instituto Polit\u00e9cnico de Set\u00fabal<\/strong><\/p>\n\n\n\n<p><strong>Data: 30 de maio de 2026<\/strong><\/p>\n\n\n\n<p>O Scratch Day \u00e9 um evento mundial incentivado pelo MIT&nbsp;<em>Media Lab<\/em>, envolvendo a linguagem de programa\u00e7\u00e3o e a comunidade Scratch. Visa disseminar o uso do Scratch e a import\u00e2ncia do desenvolvimento da flu\u00eancia computacional e da computa\u00e7\u00e3o criativa por pessoas de diversas idades.<\/p>\n\n\n\n<p>O Centro de Compet\u00eancia TIC da Escola Superior de Educa\u00e7\u00e3o do Instituto Polit\u00e9cnico de Set\u00fabal (CCTIC-ESE\/IPS) associa-se a este evento mundial, realizando, todos os anos, em maio, na Escola Superior de Educa\u00e7\u00e3o, um encontro em que alunos, professores e educadores partilham experi\u00eancias de utiliza\u00e7\u00e3o desta linguagem de programa\u00e7\u00e3o.<\/p>\n\n\n\n<p>As inscri\u00e7\u00f5es devem ser feitas&nbsp;<a href=\"https:\/\/forms.office.com\/e\/PbSiqtNS0k\" data-type=\"URL\" data-id=\"https:\/\/forms.office.com\/e\/PbSiqtNS0k\" target=\"_blank\" rel=\"noreferrer noopener\">aqui<\/a>.<\/p>\n\n\n\n<p><strong>Nota: <\/strong>Cada participante deve realizar a sua inscri\u00e7\u00e3o. Por exemplo, se um professor vier acompanhar um grupo de alunos, o professor e cada um dos alunos, individualmente, deve realizar a sua inscri\u00e7\u00e3o. O mesmo deve acontecer com os familiares, que ter\u00e3o de fazer uma inscri\u00e7\u00e3o individual.<\/p>\n\n\n\n<hr class=\"wp-block-separator\"\/>\n\n\n\n<p><strong>Programa<\/strong><\/p>\n\n\n\n<p>8h30 \u2013 9h00 | Rece\u00e7\u00e3o aos participantes<\/p>\n\n\n\n<p>9h00 \u2013 9h15 (anfiteatro) | Sess\u00e3o de abertura<\/p>\n\n\n\n<p>9h15 \u2013 9h45 (anfiteatro) | Sess\u00e3o plen\u00e1ria<\/p>\n\n\n\n<p>9h45 \u2013 11h15<br>Alunos | Desafio de Programa\u00e7\u00e3o em Scratch (\u00e1trio de entrada da ESE\/IPS)<br>Pais\/Encarregados de Educa\u00e7\u00e3o e Professores | <meta charset=\"utf-8\">Sess\u00e3o plen\u00e1ria (anfiteatro)<\/p>\n\n\n\n<p>11h15 \u2013 11h30 | Intervalo | Parab\u00e9ns ao Scratch<\/p>\n\n\n\n<p>11h30 \u2013 12h30 (anfiteatro) | Os nossos projetos em Scratch<\/p>\n\n\n\n<p>12h30 \u2013 13h00 (anfiteatro) | Entrega de pr\u00e9mios do Concurso \u201cA Criar com Scratch\u201d<\/p>\n\n\n\n<p>13h00 \u2013 14h30 | Almo\u00e7o livre<\/p>\n\n\n\n<p>14h30 \u2013 16h30 (Pavilh\u00e3o Desportivo do IPS) | MWRC Smart Sports Competition<\/p>\n\n\n\n<p>16h45 \u2013 17h00 (<meta charset=\"utf-8\">Pavilh\u00e3o Desportivo do IPS) | Entrega dos pr\u00e9mios no \u00e2mbito do MWRC Smart Sports Competition<\/p>\n","protected":false},"excerpt":{"rendered":"<p>Local: Escola Superior de Educa\u00e7\u00e3o do Instituto Polit\u00e9cnico de Set\u00fabal Data: 30 de maio de 2026 O Scratch Day \u00e9 um evento mundial incentivado pelo MIT&nbsp;Media Lab, envolvendo a linguagem de programa\u00e7\u00e3o e a comunidade Scratch. Visa disseminar o uso do Scratch e a import\u00e2ncia do desenvolvimento da flu\u00eancia computacional e da computa\u00e7\u00e3o criativa por [&hellip;]<\/p>\n","protected":false},"author":2,"featured_media":0,"parent":53,"menu_order":0,"comment_status":"closed","ping_status":"closed","template":"","meta":[],"_links":{"self":[{"href":"https:\/\/projetos.ese.ips.pt\/cctic\/index.php\/wp-json\/wp\/v2\/pages\/2660"}],"collection":[{"href":"https:\/\/projetos.ese.ips.pt\/cctic\/index.php\/wp-json\/wp\/v2\/pages"}],"about":[{"href":"https:\/\/projetos.ese.ips.pt\/cctic\/index.php\/wp-json\/wp\/v2\/types\/page"}],"author":[{"embeddable":true,"href":"https:\/\/projetos.ese.ips.pt\/cctic\/index.php\/wp-json\/wp\/v2\/users\/2"}],"replies":[{"embeddable":true,"href":"https:\/\/projetos.ese.ips.pt\/cctic\/index.php\/wp-json\/wp\/v2\/comments?post=2660"}],"version-history":[{"count":4,"href":"https:\/\/projetos.ese.ips.pt\/cctic\/index.php\/wp-json\/wp\/v2\/pages\/2660\/revisions"}],"predecessor-version":[{"id":2689,"href":"https:\/\/projetos.ese.ips.pt\/cctic\/index.php\/wp-json\/wp\/v2\/pages\/2660\/revisions\/2689"}],"up":[{"embeddable":true,"href":"https:\/\/projetos.ese.ips.pt\/cctic\/index.php\/wp-json\/wp\/v2\/pages\/53"}],"wp:attachment":[{"href":"https:\/\/projetos.ese.ips.pt\/cctic\/index.php\/wp-json\/wp\/v2\/media?parent=2660"}],"curies":[{"name":"wp","href":"https:\/\/api.w.org\/{rel}","templated":true}]}}