{"id":16,"date":"2022-04-01T11:05:08","date_gmt":"2022-04-01T11:05:08","guid":{"rendered":"https:\/\/projetos.ese.ips.pt\/cidadaniadigital\/?page_id=16"},"modified":"2022-04-10T08:51:58","modified_gmt":"2022-04-10T08:51:58","slug":"recursos","status":"publish","type":"page","link":"https:\/\/projetos.ese.ips.pt\/cidadaniadigital\/index.php\/recursos\/","title":{"rendered":"Recursos"},"content":{"rendered":"\n<p class=\"has-text-align-left\">De forma a trabalhar as quest\u00f5es da cidadania digital, constru\u00edmos alguns recursos que poder\u00e3o ser \u00fateis para o trabalho a realizar com os alunos, em diferentes \u00e1reas: &#8220;Copiar e colar&#8221;; &#8220;H\u00e1 vida <em>offline<\/em>&#8220;; \u201cO meu computador\u201d; \u201cPrivacidade e dados pessoais\u201d; \u201cConviver na internet\u201d; &#8220;Pensar antes de publicar&#8221;; &#8220;Sentido Cr\u00edtico&#8221; e &#8220;Sexting&#8221;, entre outros.<\/p>\n\n\n\n<p>Para al\u00e9m da perspetiva de trabalho neste dom\u00ednio, os recursos que aqui apresentamos t\u00eam tamb\u00e9m como grande potencialidade, o desenvolvimento: (i) da capacidade de reflex\u00e3o; (ii) do esp\u00edrito cr\u00edtico; (iii) de compet\u00eancias de resolu\u00e7\u00e3o de problemas; (iv) do trabalho colaborativo; (v) de compet\u00eancias de cria\u00e7\u00e3o; (vi) da criatividade; (vi) da capacidade de comunica\u00e7\u00e3o e partilha.<\/p>\n\n\n\n<p>Assim, cada recurso que apresentamos, tem associado:<\/p>\n\n\n\n<p><strong>1.<\/strong> O link para o recurso;<\/p>\n\n\n\n<p><strong>2. <\/strong>O link para o gui\u00e3o, que cont\u00e9m o  enquadramento e os respetivos objetivos;<\/p>\n\n\n\n<p><strong>3.<\/strong> O link para uma proposta de explora\u00e7\u00e3o pelos professores. Neste caso, \u00e9 apenas uma proposta que os docentes podem adaptar, tendo em conta as caracter\u00edsticas dos seus alunos, recursos tecnol\u00f3gicos dispon\u00edveis e as suas pr\u00f3prias convic\u00e7\u00f5es. Pretende fornecer algumas ideias de explora\u00e7\u00e3o, uma vez que sugere uma linha metodol\u00f3gica e os respetivos tempos para o desenvolvimento das atividades propostas.<\/p>\n","protected":false},"excerpt":{"rendered":"<p>De forma a trabalhar as quest\u00f5es da cidadania digital, constru\u00edmos alguns recursos que poder\u00e3o ser \u00fateis para o trabalho a realizar com os alunos, em diferentes \u00e1reas: &#8220;Copiar e colar&#8221;; &#8220;H\u00e1 vida offline&#8220;; \u201cO meu computador\u201d; \u201cPrivacidade e dados pessoais\u201d; \u201cConviver na internet\u201d; &#8220;Pensar antes de publicar&#8221;; &#8220;Sentido Cr\u00edtico&#8221; e &#8220;Sexting&#8221;, entre outros. Para al\u00e9m [&hellip;]<\/p>\n","protected":false},"author":2,"featured_media":0,"parent":0,"menu_order":0,"comment_status":"closed","ping_status":"closed","template":"template-nosidebar.php","meta":{"_bbp_topic_count":0,"_bbp_reply_count":0,"_bbp_total_topic_count":0,"_bbp_total_reply_count":0,"_bbp_voice_count":0,"_bbp_anonymous_reply_count":0,"_bbp_topic_count_hidden":0,"_bbp_reply_count_hidden":0,"_bbp_forum_subforum_count":0},"_links":{"self":[{"href":"https:\/\/projetos.ese.ips.pt\/cidadaniadigital\/index.php\/wp-json\/wp\/v2\/pages\/16"}],"collection":[{"href":"https:\/\/projetos.ese.ips.pt\/cidadaniadigital\/index.php\/wp-json\/wp\/v2\/pages"}],"about":[{"href":"https:\/\/projetos.ese.ips.pt\/cidadaniadigital\/index.php\/wp-json\/wp\/v2\/types\/page"}],"author":[{"embeddable":true,"href":"https:\/\/projetos.ese.ips.pt\/cidadaniadigital\/index.php\/wp-json\/wp\/v2\/users\/2"}],"replies":[{"embeddable":true,"href":"https:\/\/projetos.ese.ips.pt\/cidadaniadigital\/index.php\/wp-json\/wp\/v2\/comments?post=16"}],"version-history":[{"count":5,"href":"https:\/\/projetos.ese.ips.pt\/cidadaniadigital\/index.php\/wp-json\/wp\/v2\/pages\/16\/revisions"}],"predecessor-version":[{"id":176,"href":"https:\/\/projetos.ese.ips.pt\/cidadaniadigital\/index.php\/wp-json\/wp\/v2\/pages\/16\/revisions\/176"}],"wp:attachment":[{"href":"https:\/\/projetos.ese.ips.pt\/cidadaniadigital\/index.php\/wp-json\/wp\/v2\/media?parent=16"}],"curies":[{"name":"wp","href":"https:\/\/api.w.org\/{rel}","templated":true}]}}