{"id":53,"date":"2021-09-16T11:10:09","date_gmt":"2021-09-16T11:10:09","guid":{"rendered":"http:\/\/projetos.ese.ips.pt\/cpraticapeb\/?page_id=53"},"modified":"2022-06-21T17:08:08","modified_gmt":"2022-06-21T17:08:08","slug":"eventos-category-eventos","status":"publish","type":"page","link":"https:\/\/projetos.ese.ips.pt\/cpraticapeb\/index.php\/eventos-category-eventos\/","title":{"rendered":"Eventos"},"content":{"rendered":"\n<p>Partilha de eventos organizados pelos Professores da Comunidade:<\/p>\n\n\n\n<hr class=\"wp-block-separator is-style-wide\"\/>\n\n\n\n<div class=\"wp-block-image\"><figure class=\"aligncenter size-large is-resized\"><img loading=\"lazy\" src=\"https:\/\/projetos.ese.ips.pt\/cpraticapeb\/wp-content\/uploads\/2022\/06\/Vamos_conversar_com_comunidades_de_pratica-724x1024.png\" alt=\"\" class=\"wp-image-397\" width=\"362\" height=\"512\" srcset=\"https:\/\/projetos.ese.ips.pt\/cpraticapeb\/wp-content\/uploads\/2022\/06\/Vamos_conversar_com_comunidades_de_pratica-724x1024.png 724w, https:\/\/projetos.ese.ips.pt\/cpraticapeb\/wp-content\/uploads\/2022\/06\/Vamos_conversar_com_comunidades_de_pratica-212x300.png 212w, https:\/\/projetos.ese.ips.pt\/cpraticapeb\/wp-content\/uploads\/2022\/06\/Vamos_conversar_com_comunidades_de_pratica-768x1086.png 768w, https:\/\/projetos.ese.ips.pt\/cpraticapeb\/wp-content\/uploads\/2022\/06\/Vamos_conversar_com_comunidades_de_pratica-1086x1536.png 1086w, https:\/\/projetos.ese.ips.pt\/cpraticapeb\/wp-content\/uploads\/2022\/06\/Vamos_conversar_com_comunidades_de_pratica-1448x2048.png 1448w, https:\/\/projetos.ese.ips.pt\/cpraticapeb\/wp-content\/uploads\/2022\/06\/Vamos_conversar_com_comunidades_de_pratica-676x956.png 676w, https:\/\/projetos.ese.ips.pt\/cpraticapeb\/wp-content\/uploads\/2022\/06\/Vamos_conversar_com_comunidades_de_pratica.png 1587w\" sizes=\"(max-width: 362px) 100vw, 362px\" \/><\/figure><\/div>\n\n\n\n<p>No pr\u00f3ximo dia 11 de julho de 2022, das 18h00 \u00e0s 20h00, vamos realizar o webinar \u201cVamos conversar com\u201d. Desta vez, o tema da conversa ser\u00e1 \u201cComunidades de Pr\u00e1tica (CoP)\u201d.<\/p>\n\n\n\n<p>Num primeiro momento, teremos connosco a Professora Margarida Belchior, que nos vir\u00e1 falar sobre a sua experi\u00eancia em CoP. Esta comunica\u00e7\u00e3o contar\u00e1 com a modera\u00e7\u00e3o da Professora Aida Gra\u00e7a, docente do 1.\u00ba ciclo e pertencente \u00e0 CoP de Professores do 1.\u00ba ciclo do ensino b\u00e1sico (1.\u00ba CEB).<\/p>\n\n\n\n<p>Num segundo momento, os elementos da CoP do 1.\u00ba CEB, promovida pelos CCTIC\/UA e CCTIC-ESE\/IPS, apresentar\u00e3o as principais atividades desenvolvidas ao longo dos \u00faltimos anos. No final, ser\u00e1 poss\u00edvel colocar quest\u00f5es aos oradores e juntos, refletiremos sobre a import\u00e2ncia das Comunidades de Pr\u00e1tica no desenvolvimento profissional dos docentes.<\/p>\n\n\n\n<p>A n\u00e3o perder.<\/p>\n\n\n\n<p>Inscri\u00e7\u00f5es em: <a href=\"http:\/\/projectos.ese.ips.pt\/acd\/\" target=\"_blank\" rel=\"noreferrer noopener\">http:\/\/projectos.ese.ips.pt\/acd\/<\/a><\/p>\n","protected":false},"excerpt":{"rendered":"<p>Partilha de eventos organizados pelos Professores da Comunidade: No pr\u00f3ximo dia 11 de julho de 2022, das 18h00 \u00e0s 20h00, vamos realizar o webinar \u201cVamos conversar com\u201d. Desta vez, o tema da conversa ser\u00e1 \u201cComunidades de Pr\u00e1tica (CoP)\u201d. Num primeiro momento, teremos connosco a Professora Margarida Belchior, que nos vir\u00e1 falar sobre a sua experi\u00eancia [&hellip;]<\/p>\n","protected":false},"author":2,"featured_media":0,"parent":0,"menu_order":0,"comment_status":"closed","ping_status":"closed","template":"","meta":[],"_links":{"self":[{"href":"https:\/\/projetos.ese.ips.pt\/cpraticapeb\/index.php\/wp-json\/wp\/v2\/pages\/53"}],"collection":[{"href":"https:\/\/projetos.ese.ips.pt\/cpraticapeb\/index.php\/wp-json\/wp\/v2\/pages"}],"about":[{"href":"https:\/\/projetos.ese.ips.pt\/cpraticapeb\/index.php\/wp-json\/wp\/v2\/types\/page"}],"author":[{"embeddable":true,"href":"https:\/\/projetos.ese.ips.pt\/cpraticapeb\/index.php\/wp-json\/wp\/v2\/users\/2"}],"replies":[{"embeddable":true,"href":"https:\/\/projetos.ese.ips.pt\/cpraticapeb\/index.php\/wp-json\/wp\/v2\/comments?post=53"}],"version-history":[{"count":3,"href":"https:\/\/projetos.ese.ips.pt\/cpraticapeb\/index.php\/wp-json\/wp\/v2\/pages\/53\/revisions"}],"predecessor-version":[{"id":398,"href":"https:\/\/projetos.ese.ips.pt\/cpraticapeb\/index.php\/wp-json\/wp\/v2\/pages\/53\/revisions\/398"}],"wp:attachment":[{"href":"https:\/\/projetos.ese.ips.pt\/cpraticapeb\/index.php\/wp-json\/wp\/v2\/media?parent=53"}],"curies":[{"name":"wp","href":"https:\/\/api.w.org\/{rel}","templated":true}]}}

<p>Partilha de eventos organizados pelos Professores da Comunidade:</p>



<hr class="wp-block-separator is-style-wide"/>



<div class="wp-block-image"><figure class="aligncenter size-large is-resized"><img loading="lazy" src="https://projetos.ese.ips.pt/cpraticapeb/wp-content/uploads/2022/06/Vamos_conversar_com_comunidades_de_pratica-724x1024.png" alt="" class="wp-image-397" width="362" height="512" srcset="https://projetos.ese.ips.pt/cpraticapeb/wp-content/uploads/2022/06/Vamos_conversar_com_comunidades_de_pratica-724x1024.png 724w, https://projetos.ese.ips.pt/cpraticapeb/wp-content/uploads/2022/06/Vamos_conversar_com_comunidades_de_pratica-212x300.png 212w, https://projetos.ese.ips.pt/cpraticapeb/wp-content/uploads/2022/06/Vamos_conversar_com_comunidades_de_pratica-768x1086.png 768w, https://projetos.ese.ips.pt/cpraticapeb/wp-content/uploads/2022/06/Vamos_conversar_com_comunidades_de_pratica-1086x1536.png 1086w, https://projetos.ese.ips.pt/cpraticapeb/wp-content/uploads/2022/06/Vamos_conversar_com_comunidades_de_pratica-1448x2048.png 1448w, https://projetos.ese.ips.pt/cpraticapeb/wp-content/uploads/2022/06/Vamos_conversar_com_comunidades_de_pratica-676x956.png 676w, https://projetos.ese.ips.pt/cpraticapeb/wp-content/uploads/2022/06/Vamos_conversar_com_comunidades_de_pratica.png 1587w" sizes="(max-width: 362px) 100vw, 362px" /></figure></div>



<p>No próximo dia 11 de julho de 2022, das 18h00 às 20h00, vamos realizar o webinar “Vamos conversar com”. Desta vez, o tema da conversa será “Comunidades de Prática (CoP)”.</p>



<p>Num primeiro momento, teremos connosco a Professora Margarida Belchior, que nos virá falar sobre a sua experiência em CoP. Esta comunicação contará com a moderação da Professora Aida Graça, docente do 1.º ciclo e pertencente à CoP de Professores do 1.º ciclo do ensino básico (1.º CEB).</p>



<p>Num segundo momento, os elementos da CoP do 1.º CEB, promovida pelos CCTIC/UA e CCTIC-ESE/IPS, apresentarão as principais atividades desenvolvidas ao longo dos últimos anos. No final, será possível colocar questões aos oradores e juntos, refletiremos sobre a importância das Comunidades de Prática no desenvolvimento profissional dos docentes.</p>



<p>A não perder.</p>



<p>Inscrições em: <a href="http://projectos.ese.ips.pt/acd/" target="_blank" rel="noreferrer noopener">http://projectos.ese.ips.pt/acd/</a></p>

<p>Partilha de eventos organizados pelos Professores da Comunidade: No próximo dia 11 de julho de 2022, das 18h00 às 20h00, vamos realizar o webinar “Vamos conversar com”. Desta vez, o tema da conversa será “Comunidades de Prática (CoP)”. Num primeiro momento, teremos connosco a Professora Margarida Belchior, que nos virá falar sobre a sua experiência [&hellip;]</p>
