{"id":93,"date":"2021-09-16T18:26:15","date_gmt":"2021-09-16T18:26:15","guid":{"rendered":"http:\/\/projetos.ese.ips.pt\/cpraticapeb\/?page_id=93"},"modified":"2025-06-24T16:36:46","modified_gmt":"2025-06-24T16:36:46","slug":"publicacoes","status":"publish","type":"page","link":"https:\/\/projetos.ese.ips.pt\/cpraticapeb\/index.php\/apresentacoes-publicacoes\/publicacoes\/","title":{"rendered":"Publica\u00e7\u00f5es Cient\u00edficas"},"content":{"rendered":"\n<ul><li>Gr\u00e1cio, J., Dorotea, N., &amp; Ros\u00e1rio Rodrigues, M. (2024). A community of practice of primary school teachers \u2013 2nd year of implementation. Educational Media International, 61(1\u20132), 134\u2013145.\u00a0<a href=\"https:\/\/doi.org\/10.1080\/09523987.2024.2357961\">https:\/\/doi.org\/10.1080\/09523987.2024.2357961<\/a><\/li><li>Gr\u00e1cio, J. C. da S. (2023). Integra\u00e7\u00e3o curricular das tecnologias digitais: O caso de uma comunidade de pr\u00e1tica de professores do 1.\u00ba ciclo [masterThesis].\u00a0<a rel=\"noreferrer noopener\" href=\"http:\/\/hdl.handle.net\/10451\/62732\" target=\"_blank\">http:\/\/hdl.handle.net\/10451\/62732<\/a><\/li><li>Gr\u00e1cio, J., Torres, J., Rodrigues, M., Gra\u00e7a, A., Chambel, A., Franco, C., &amp; Pinto, P. (2021). Comunidade de pr\u00e1tica de professores do 1.\u00ba ciclo. In A. J. Os\u00f3rio, M. J. Gomes, A. Ramos, &amp; A. L. Valente (Eds.), <em>Challenges 2021, desafios do digital: Livro de atas <\/em>(1.\u00aa ed., pp. 381-391). Universidade do Minho. Centro de Compet\u00eancia.<\/li><\/ul>\n","protected":false},"excerpt":{"rendered":"<p>Gr\u00e1cio, J., Dorotea, N., &amp; Ros\u00e1rio Rodrigues, M. (2024). A community of practice of primary school teachers \u2013 2nd year of implementation. Educational Media International, 61(1\u20132), 134\u2013145.\u00a0https:\/\/doi.org\/10.1080\/09523987.2024.2357961 Gr\u00e1cio, J. C. da S. (2023). Integra\u00e7\u00e3o curricular das tecnologias digitais: O caso de uma comunidade de pr\u00e1tica de professores do 1.\u00ba ciclo [masterThesis].\u00a0http:\/\/hdl.handle.net\/10451\/62732 Gr\u00e1cio, J., Torres, J., [&hellip;]<\/p>\n","protected":false},"author":2,"featured_media":0,"parent":48,"menu_order":1,"comment_status":"closed","ping_status":"closed","template":"","meta":[],"_links":{"self":[{"href":"https:\/\/projetos.ese.ips.pt\/cpraticapeb\/index.php\/wp-json\/wp\/v2\/pages\/93"}],"collection":[{"href":"https:\/\/projetos.ese.ips.pt\/cpraticapeb\/index.php\/wp-json\/wp\/v2\/pages"}],"about":[{"href":"https:\/\/projetos.ese.ips.pt\/cpraticapeb\/index.php\/wp-json\/wp\/v2\/types\/page"}],"author":[{"embeddable":true,"href":"https:\/\/projetos.ese.ips.pt\/cpraticapeb\/index.php\/wp-json\/wp\/v2\/users\/2"}],"replies":[{"embeddable":true,"href":"https:\/\/projetos.ese.ips.pt\/cpraticapeb\/index.php\/wp-json\/wp\/v2\/comments?post=93"}],"version-history":[{"count":6,"href":"https:\/\/projetos.ese.ips.pt\/cpraticapeb\/index.php\/wp-json\/wp\/v2\/pages\/93\/revisions"}],"predecessor-version":[{"id":741,"href":"https:\/\/projetos.ese.ips.pt\/cpraticapeb\/index.php\/wp-json\/wp\/v2\/pages\/93\/revisions\/741"}],"up":[{"embeddable":true,"href":"https:\/\/projetos.ese.ips.pt\/cpraticapeb\/index.php\/wp-json\/wp\/v2\/pages\/48"}],"wp:attachment":[{"href":"https:\/\/projetos.ese.ips.pt\/cpraticapeb\/index.php\/wp-json\/wp\/v2\/media?parent=93"}],"curies":[{"name":"wp","href":"https:\/\/api.w.org\/{rel}","templated":true}]}}